- (-10 + (-1 - 0))?
4
What is 1 - (-2 + 1) - -3?
5
Calculate (0 - (2 - 6)) + -7.
-3
What is the value of 2 - -1 - (1 - (-2 + 5))?
5
Calculate -3 + 7 + 1 - (1 + 1).
3
7 - (2 + -1 + -5 + 6)
5
What is (-1 - 0) + -22 + 14?
-9
-4 - (3 + -2 - 0) - -6
1
What is the value of (-1 - -7) + (-134 - -133)?
5
What is (-1 - -3) + 1 + -1 + 3?
5
Calculate -3 + 4 + 2 + 1 + -4.
0
-1 + (4 + -9 - -7) + 2
3
What is (0 - 0 - 1 - 0) + 4?
3
(0 - (2 - (5 + -3))) + -2
-2
1 - (8 + -3 + -2)
-2
What is 3 - 2 - (28 + -26)?
-1
Evaluate -4 - (-2 - (5 - 0)).
3
Calculate (-2 - 1) + 11 + -8.
0
1 + -1 - (-20 - -19)
1
(-4 - 0) + (-9 - -14) - 10
-9
Calculate 2 - (6 - 1) - -6.
3
Evaluate -5 - 0 - (13 - 14).
-4
What is the value of -5 + 6 + -4 - 4?
-7
11 - 5 - (18 - 8)
-4
Evaluate 1 - (2 + -4 - 2).
5
Evaluate -8 + (-6 - 1) + 2 + 5.
-8
What is -13 + 10 + 13 + -14?
-4
Calculate 3 - (-10 + 11 + 4 + -2).
0
What is the value of -7 - -8 - (0 + -2)?
3
What is -4 + 8 + -5 + -3?
-4
Evaluate (-31 - -34 - (2 - 1)) + -6.
-4
3 - (1 + (5 - (-5 - -14)))
6
Calculate (4 - (10 - -1) - -2) + 4.
-1
What is -2 + (0 - (6 + 4 + -7))?
-5
Evaluate -5 + 8 + -4 + 1 - -1.
1
What is -1 + (-2 - -4) + (-5 - -10)?
6
Calculate -5 - (-10 + 1 + -2).
6
-1 + 0 + -15 + (13 - 4)
-7
Calculate (0 + 4 - 2) + (2 - 4).
0
What is the value of 1 - -2 - (6 + -4)?
1
What is the value of -4 + (-3 - -2) + (2 - 3)?
-6
What is -14 + (13 - 18) + -1 + 10?
-10
What is -7 + 4 + 14 + -10?
1
Calculate -1 + 7 + -10 + 5.
1
What is the value of -1 + -1 + (26 - 13 - 13)?
-2
Evaluate (3 - 4 - (-3 - 2)) + 1.
5
What is 84 - 94 - (2 + -16)?
4
What is the value of (2 + 3 - (-1 - -6)) + 6?
6
What is the value of 3 + 11 + -15 + -7?
-8
What is the value of (-4 - -1) + -10 + 22 + -9?
0
What is the value of (0 - -1) + (-2 - (4 - 2))?
-3
Evaluate 5 - ((2 - (4 + -4)) + 2).
1
What is 7 - 3 - (5 + -2)?
1
What is 3 + (-5 - (2 + 1 + -6))?
1
What is the value of 85 + -67 + 1 + -11?
8
What is 7 - -1 - ((-15 - -27) + -11)?
7
Calculate 3 + (-9 - -4 - -3).
1
Evaluate -4 - (2 - (6 - 3 - -3)).
0
Calculate -1 - (-4 + 6 + -9).
6
What is the value of -1 + 0 + (7 - (0 + 7))?
-1
What is the value of 1 + -1 - (2 - (7 + -1))?
4
Evaluate (-5 + 5 - 2) + 6.
4
What is (-6 - (1 + -6)) + 3 + -3?
-1
Evaluate -4 + (-1 - -8) + -2.
1
Evaluate 14 - 7 - 1 - 4.
2
Evaluate (2 - 0) + 7 + (-129 - -128).
8
What is 0 + (-3 + 4 - 0)?
1
What is -3 + -1 + (6 - (4 + -2))?
0
What is 8 - (12 + -21 + 28)?
-11
-1 - -4 - (-90 - -87)
6
Calculate -19 + (11 - -9) - (-7 + -1).
9
(5 - 0) + -30 + (21 - -1)
-3
5 - (-23 + 26 + (11 - 1))
-8
Evaluate -2 - ((-4 - (0 + -2)) + 4).
-4
What is 3 + -1 + (-1 - (2 - -1))?
-2
Calculate 0 + (1 - ((1 - -1) + 2)).
-3
Evaluate 7 - (2 + -3 + 3).
5
What is -10 + (-9 + 8 - -4)?
-7
2 + 3 + -3 + -2
0
Calculate 3 + -8 - (-3 + 1).
-3
What is the value of -9 - (-14 + (0 - -10))?
-5
What is (-12 + 12 - 1) + 8?
7
0 + (-4 - (-6 - 2))
4
What is (4 - 6) + 1 + -3?
-4
4 - (1 + -4) - (8 - 8)
7
Calculate -4 + (-7 - (-10 + (8 - 6))).
-3
Evaluate -8 + 0 + 3 - -1.
-4
Calculate -14 - 1 - (25 + -33).
-7
1 - -8 - (-50 + 54)
5
Calculate -9 + (-7 - (-16 + -9)).
9
Calculate (-8 - -5) + (4 - 0) - 4.
-3
Calculate -6 - (7 - (18 + 0)).
5
What is (-1 - (-3 - -2)) + (40 - 38)?
2
Calculate (9 - 11) + (0 + 0 - -4).
2
What is 4 + -9 - -2 - (-2 - 3)?
2
What is -9 + 10 + (-14 - -7)?
-6
Evaluate 18 + -5 + (9 - 13).
9
What is -3 - -9 - (-12 + 21 + -12)?
9
What is (14 + -2 - 4) + 3 + -3?
8
What is the value of 6 + (-4 - -4) + (-4 - 3)?
-1
Calculate 8 + -5 - (0 + 5 - 2).
0
-2 + 1 - (35 + -31)
-5
What is the value of (-20 - -23) + (-2 - -1)?
2
-3 - (-3 - (0 - 3 - -1))
-2
What is 1 + (-1 - -2) - (148 + -143)?
-3
What is -11 + 13 - (-6 - -2) - -1?
7
6 + (11 - 16) + 2
3
What is the value of 3 - 0 - (0 + 5 + -7)?
5
Calculate -4 + -1 + (1 - (5 - 1)).
-8
What is 17 - 2 - (-15 - -19)?
11
What is the value of -1 - -3 - (7 - 4)?
-1
Calculate 0 - (-3 - -4 - 5).
4
What is -9 + 6 + (5 - 5)?
-3
4 + -1 + (-5 - (1 - -1))
-4
-3 + (3 + 0 - (-4 + 1))
3
Evaluate -7 + (3 - (-4 + 9)) + 5.
-4
What is the value of -74 + 78 + 2 + -2?
4
Calculate (5 + -2 - 0) + (-7 - -1).
-3
Calculate (-7 - (-3 + 3 - 4)) + -2.
-5
What is -10 + (11 - 11) + 5?
-5
What is the value of 5 + (5 - (-3 - (-3 + -5)))?
5
Calculate 1 - 14 - (83 + -94).
-2
What is the value of (-4 - -8) + 0 - 7?
-3
What is the value of 0 + 2 + -2 + -1 - 2?
-3
-1 + 1 + (-6 - 1)
-7
Calculate 7 + (-7 - ((-6 - -6) + 7)).
-7
Calculate 8 - (-1 - (4 + -9)).
4
Evaluate 12 + (1 - 10) - 1.
2
-2 + 2 - 13 - -14
1
What is the value of (4 - 20 - -8) + 1?
-7
What is (19 + -21 - (1 + -6)) + 1?
4
What is the value of -4 + (-7 - -8 - (-1 - 2))?
0
What is the value of -4 + 0 + (-3 - -5) + -1?
-3
What is the value of 5 - (2 - 12 - -14)?
1
What is -1 - 1 - -8 - (-4 - -8)?
2
What is the value of 4 - (4 - (5 - 6))?
-1
0 + (-2 - 0) + -3 + 5
0
What is 6 + (-2 - 11) + 6?
-1
What is the value of 6 + -1 + -1 - 2?
2
Calculate -3 + 3 - (-5 + 10).
-5
Evaluate -2 - -6 - (1 + 1) - -1.
3
Evaluate -1 + 1 - (34 - 36).
2
Calculate (2 - (1 - 3)) + (43 - 42).
5
What is the value of -4 - (-3 + 0 - (-10 - -6))?
-5
(-13 - -5) + (21 - 0) - 8
5
(-2 - 6) + 4 + -2
-6
What is 2 + (-2 - 3 - -3)?
0
What is (4 - -2 - 1) + 6 + -13?
-2
3 + -5 + 1 + -5
-6
What is 4 - 8 - (-5 + 4)?
-3
Evaluate 5 + -2 + 1 + -3 + -1.
0
(-4 - (2 - 2)) + 5
1
What is the value of 5 - -5 - 6 - 1?
3
Calculate 7 + (3 - 1) + (-3 - -2).
8
Evaluate (9 - 4) + (-2 - (2 + -1)).
2
(29 - 44) + 0 + 7
-8
What is the value of -7 - (0 + (4 - 7))?
-4
Evaluate (0 - -1) + 7 + -9 + -1.
-2
3 - (-3 + 7) - (-3 + 3)
-1
Calculate (0 - -8) + -15 + 3 + 0.
-4
Evaluate 3 + -9 + 21 + -12.
3
What is the value of 1 - 1 - (9 + -4 - -1)?
-6
Calculate -2 + 3 + 0 - 1.
0
What is the value of 11 - (0 + (-6 - -14))?
3
1 - 8 - (-4 - (-1 - 0))
-4
(0 + -2 - (-4 + 4)) + -1
-3
Evaluate -3 + 11 + -3 + -1.
4
Calculate 2 - (-3 - -9 - 7).
3
What is the value of -1 + -1 + -1 + 0 + -2?
-5
(4 - (32 - 12)) + 10
-6
What is -2 + 1 + (6 - 6 - 2)?
-3
Calculate (0 - 9) + (-18 - -23).
-4
Evaluate 7 + -1 + (-1 + -4 - -1).
2
What is the value of (-9 - -11) + (5 - (-2 + 4))?
5
Evaluate -4 - (7 + -5 - 7).
1
0 + (-1 - -5) + -1
3
What is the value of (11 - 6 - (3 - -3)) + 1?
0
4 + (-6 - (10 - 20))
8
Evaluate -37 + 37 - (-1 - -1 - 4).
4
-2 + 2 - (2 - (19 + -15))
2
5 + -6 + -2 + -2
-5
Calculate 1 + 0 + (91 - 90).
2
Evaluate 39 + -33 + -11 + 3.
-2
What is (-5 - -2) + (-7 - -7) + -5?
-8
Evaluate 1 - (-3 + 9 + (-19 - -9)).
5
What is the value of 2 + (1 - (-5 - -2)) + -4?
2
Evaluate (3 + 3 - 4) + -1 + 3.
4
Calculate 10 - (12 - (0 + 7)).
5
What is the value of 21 - 27 - (-11 + 3)?
2
-19 + 17 - (-1 - -2)
-3
1 - 4 - (-2 + -7 - -1)
5
What is -1 + (-7 - (-14 + 2))?
4
What is the value of 1 - (-3 - (-7 + 0))?
-3
Evaluate (12 - (16 - 1)) + -1.
-4
0 - (-7 - -6 - -4) - -3
0
Calculate 4 - 7 - (4 - (0 - -2)).
-5
(8 - 2) + -5 + 9 + -11
-1
2 - 4 - (-2 - -1) - 1
-2
Calculate 5 + (2 - (5 - -1)) + 6.
7
What is (-2 - (0 - -10)) + 13?
1
Evaluate 3 + (-18 + 6 - -5).
-4
2 + (0 - 12) + 8
-2
What is the value of -5 + (5 - (1 + 1))?
-2
What is the value of -3 - (0 + (-3 - (2 - 2)))?
0
Evaluate -3 + 2 + (-1 - 3) + 3.
-2
(-2 - 16) + 4 - -6
-8
-1 - 8 - (-19 + 5)
5
What is the value of -2 - ((-3 - 0 - 2) + 2)?
1
Evaluate 0 + (4 - (8 + -7)).
3
What is the value of -2 + 7 + -6 + -1 + 2?
0
What is (-3 - (3 + -4 + -3)) + -5?
-4
Evaluate (-4 - -9) + (3 + -8 - 7).
-7
-10 + 3 + 1 + 5
-1
What is the value of (-1 - 0 - -3) + 2 - 3?
1
What is the value of (5 - ((-3 - -2) + 8)) + 5?
3
What is (11 - 2 - 3) + 0?
6
What is the value of 4 + -1 + 6 + -65 + 46?
-10
Calculate -5 + 0 + 0 + (16 - 6).
5
What is the value of 4 - (-5 - (6 + -11))?
4
What is 0 + 1 + 7 + -5?
3
What is 0 + (0 - (2 + 2)) + -2?
-6
Evaluate 6 - (2 + -1 + -6 + 7).
4
Evaluate -16 + -5 - -5 - -11.
-5
Calculate (-4 + -1 - (1 + 6)) + 3.
-9
Evaluate 3 + (-4 - (-8 - -3)).
4
Evaluate -1 - (4 - 5) - 4.
-4
-8 + 4 + (4 + -6 - -2)
-4
-4 - (-7 - -2) - -1
2
-2 + 8 - 13 - -7
0
What is -4 + -1 - (1 + 1)?
-7
What is (-8 + -2 - -2) + 5?
-3
What is the value of 6 + -1 + (-3 - (-2 - 3))?
7
Evaluate (1 - 0 - 3) + 6.
4
What is the value of -2 + -1 + 3 + -4 + -2?
-6
Calculate -3 - 1 - -2 - (7 - -2).
-11
What is 7 - (-4 + 9 + -3)?
5
Calculate -3 + -3 + (-4 - (-2 + -5)).
-3
Calculate -1 + 1 - (48 - 46).
-2
Calculate 